{"id":49,"date":"2023-10-27T09:14:27","date_gmt":"2023-10-27T09:14:27","guid":{"rendered":"http:\/\/www.cedf.com.tr\/?page_id=49"},"modified":"2025-10-06T22:53:28","modified_gmt":"2025-10-06T19:53:28","slug":"eski-baskanlar","status":"publish","type":"page","link":"https:\/\/www.cedf.com.tr\/?page_id=49","title":{"rendered":"Ge\u00e7mi\u015f Y\u00f6netimler"},"content":{"rendered":"<h2><strong>Kurucular,<\/strong><\/h2>\n<p><strong>2014 Y\u0131l\u0131<\/strong><\/p>\n<ul>\n<li>Mazlum \u015eanl\u0131<\/li>\n<li>\u00d6zt\u00fcrk K\u0131z\u0131l<\/li>\n<li>Ataman Merto\u011flu<\/li>\n<li>Hulki Atila<\/li>\n<li>Tekin Demir\u00a0<\/li>\n<\/ul>\n<h2><strong>Y\u00f6netimler,<\/strong><\/h2>\n<p><strong>2015 Y\u0131l\u0131<\/strong><\/p>\n<ul>\n<li>Ali Turan<\/li>\n<li>Perihan G\u00fcl<\/li>\n<li>Metin uzun<\/li>\n<li>Menev\u015fe Da\u011f<\/li>\n<li>Ercan Acar<\/li>\n<li>Kadim Do\u011fang\u00fcne\u015f<\/li>\n<li>Tekin Tun\u00e7<\/li>\n<li>Engin G\u00fcng\u00f6r<\/li>\n<li>Kamer \u0130mre<\/li>\n<li>Ersin Erdemir<\/li>\n<li>Erkan Uluda\u011f<\/li>\n<\/ul>\n<p><strong>2018\u00a0 2. D\u00f6nem<\/strong><\/p>\n<ul>\n<li>Ali Turan<\/li>\n<li>Perihan G\u00fcl<\/li>\n<li>Metin uzun<\/li>\n<li>Serkan \u0130\u015fkar<\/li>\n<li>Veli Akarsu<\/li>\n<li>B\u00fclent Turan<\/li>\n<li>K\u0131ymet Kaya Ko\u00e7ak\u00a0<\/li>\n<li>Tekin Tun\u00e7<\/li>\n<li>Sinan Y\u0131ld\u0131r\u0131m<\/li>\n<li>Vehbi Aslan\u00a0<\/li>\n<li>Dervi\u015f \u00c7i\u00e7ek<\/li>\n<li>Menev\u015fe Da\u011f\u00a0<\/li>\n<li>Ercan Acar\u00a0\u00a0<\/li>\n<\/ul>\n<p><strong>2021 3. D\u00f6nem<\/strong><\/p>\n<ul>\n<li>Dervi\u015f \u00c7i\u00e7ek<\/li>\n<li>Serkan \u0130\u015fkar<\/li>\n<li>Bahar G\u00f6zeler<\/li>\n<li>Baki Y\u0131ld\u0131z\u00a0<\/li>\n<li>Hasan At\u0131lla\u00a0<\/li>\n<li>Deniz Merto\u011flu<\/li>\n<li>Sevim Kayaalp<\/li>\n<li>Tekin Tun\u00e7<\/li>\n<li>Tarik Durmaz\u00a0<\/li>\n<li>Yusuf Merto\u011flu<\/li>\n<li>Y\u00fcksel G\u00fczel\u00a0<\/li>\n<li>Sezen Y\u0131ld\u0131r\u0131m\u00a0<\/li>\n<\/ul>\n<p><strong>2022 4. D\u00f6nem<\/strong><\/p>\n<ul>\n<li>Mazlum \u015eanl\u0131<\/li>\n<li>Kadim Do\u011fan G\u00fcne\u015f<\/li>\n<li>H\u00fcseyin Ta\u015fa\u00a0<\/li>\n<li>Erdal G\u00fczeller\u00a0<\/li>\n<li>Besra D\u00fczg\u00fcn\u00a0<\/li>\n<li>Song\u00fcl Nar\u0131n\u00a0<\/li>\n<li>Y\u00fcksel G\u00fczel\u00a0<\/li>\n<li>Erdal \u00d6zdemir\u00a0<\/li>\n<li>Ali G\u00fcl\u00a0<\/li>\n<li>Deniz Sev\u00fck\u00a0<\/li>\n<li>G\u00f6khan Y\u0131ld\u0131r\u0131m\u00a0<\/li>\n<li>Cemil B\u00fclb\u00fcl\u00a0<\/li>\n<li>Yal\u00e7\u0131n D\u00fczg\u00fcn\u00a0<\/li>\n<\/ul>\n\n\n\n\n<p class=\"has-medium-font-size\">&nbsp;<\/p>\n","protected":false},"excerpt":{"rendered":"<p>Kurucular, 2014 Y\u0131l\u0131 Mazlum \u015eanl\u0131 \u00d6zt\u00fcrk K\u0131z\u0131l Ataman Merto\u011flu Hulki Atila Tekin Demir\u00a0 Y\u00f6netimler, 2015 Y\u0131l\u0131 Ali Turan Perihan G\u00fcl Metin uzun Menev\u015fe Da\u011f Ercan Acar Kadim Do\u011fang\u00fcne\u015f Tekin Tun\u00e7 Engin G\u00fcng\u00f6r Kamer \u0130mre Ersin Erdemir Erkan Uluda\u011f 2018\u00a0 2.<\/p>\n","protected":false},"author":1,"featured_media":0,"parent":0,"menu_order":0,"comment_status":"closed","ping_status":"closed","template":"","meta":{"footnotes":""},"class_list":["post-49","page","type-page","status-publish","hentry"],"_links":{"self":[{"href":"https:\/\/www.cedf.com.tr\/index.php?rest_route=\/wp\/v2\/pages\/49","targetHints":{"allow":["GET"]}}],"collection":[{"href":"https:\/\/www.cedf.com.tr\/index.php?rest_route=\/wp\/v2\/pages"}],"about":[{"href":"https:\/\/www.cedf.com.tr\/index.php?rest_route=\/wp\/v2\/types\/page"}],"author":[{"embeddable":true,"href":"https:\/\/www.cedf.com.tr\/index.php?rest_route=\/wp\/v2\/users\/1"}],"replies":[{"embeddable":true,"href":"https:\/\/www.cedf.com.tr\/index.php?rest_route=%2Fwp%2Fv2%2Fcomments&post=49"}],"version-history":[{"count":17,"href":"https:\/\/www.cedf.com.tr\/index.php?rest_route=\/wp\/v2\/pages\/49\/revisions"}],"predecessor-version":[{"id":823,"href":"https:\/\/www.cedf.com.tr\/index.php?rest_route=\/wp\/v2\/pages\/49\/revisions\/823"}],"wp:attachment":[{"href":"https:\/\/www.cedf.com.tr\/index.php?rest_route=%2Fwp%2Fv2%2Fmedia&parent=49"}],"curies":[{"name":"wp","href":"https:\/\/api.w.org\/{rel}","templated":true}]}}