{"id":370,"date":"2024-07-29T10:58:51","date_gmt":"2024-07-29T10:58:51","guid":{"rendered":"http:\/\/www.cedf.com.tr\/?page_id=370"},"modified":"2024-07-29T10:58:51","modified_gmt":"2024-07-29T10:58:51","slug":"cedf-amaclarimiz","status":"publish","type":"page","link":"https:\/\/www.cedf.com.tr\/?page_id=370","title":{"rendered":"\u00c7EDF Ama\u00e7lar\u0131m\u0131z"},"content":{"rendered":"<p>Federasyonun Ama\u00e7lar\u0131<\/p>\n<p>1. (CEDF ) Erzurum ili H\u0131n\u0131s Tekman il\u00e7eleri k\u00f6y derneklerinin federasyonu dur.<\/p>\n<p>2.Federasyon \u00fcye dernekler ile y\u00f6re halk\u0131m\u0131z\u0131n unutulmaya Y\u00fcz tutan gelenek ve g\u00f6renekleri, bug\u00fcn var olan k\u00fclt\u00fcr i\u00e7inde asimile etmeden entegre ederek tan\u0131t\u0131m\u0131n\u0131 yapmak. Benimsenmesi, ya\u015fat\u0131lmas\u0131 i\u00e7in \u00fcye deneklerle birlikte T\u00fcrkiye\u2019nin her b\u00f6lgesinde bulunan Erzurum -H\u0131n\u0131s Tekman mahalle dernekleri ile ileti\u015fime ge\u00e7erek hem yurtd\u0131\u015f\u0131nda hem yurt i\u00e7inde etkinliklerde bulunmak k\u00fclt\u00fcr\u00fcm\u00fcz\u00fc ya\u015fatmak.<\/p>\n<p>3. Arge \u00e7al\u0131\u015fmalar\u0131 yaparak ekipleri olu\u015fturarak derneklerimizin hayvan besicili\u011fi tar\u0131m \u00fcretim projeler geli\u015ftirmek olu\u015fturmak i\u00e7in ortak akl\u0131 kullanmak.<\/p>\n<p>4. K\u00fclt\u00fcr\u00fcm\u00fcze dair yaz\u0131l\u0131 veya s\u00f6zl\u00fc belge ve anlat\u0131mlar\u0131 derlemek, resim ve belgeleri d\u00fczenleyerek a\u015fit olu\u015fturmak, federasyon ad\u0131na dergi, web sitesi olu\u015fturmak.<\/p>\n<p>5. Gen\u00e7lere ve \u00fcyelerimize y\u00f6nelik k\u00fclt\u00fcrel, sanatsal, sosyal ve ekonomik konularda \u00e7al\u0131\u015fma alanlar\u0131, sosyal dayan\u0131\u015fma planlar\u0131 haz\u0131rlamak, federasyon ve \u00fcye dernek ve \u00fcye dernek \u00fcyelerinin kat\u0131laca\u011f\u0131 geleneksel senlik, e\u011flence g\u00fcnleri, piknik sosyal toplant\u0131lar, k\u00fclt\u00fcrel ve inan\u00e7 gezileri d\u00fczenlemek.<\/p>\n<p>6. Ba\u011fl\u0131 derneklerin talepleri do\u011frultusunda belirlenecek konularda \u00f6\u011frencilere takviye dersler verilmesi hususunda kurtar d\u00fczenlemek kurs \u00f6\u011fretmenleri ve \u00e7al\u0131\u015fma alanlar\u0131 temin etmek. \u0130htiya\u00e7 sahibi \u00f6\u011frencilere burs vermek.<\/p>\n<p>7. Gerekli g\u00f6r\u00fclen yerlerde federasyon faaliyetlerini y\u00fcr\u00fctmek amac\u0131yla temsilcilik a\u00e7mak.<\/p>\n<p>8. Federasyon amac\u0131 ile ilgisi bulunan ve kanunlarla ya saklanmayan alanlarda, di\u011fer dernekler veya vak\u0131flar, sendika ve benzeri sivil toplum kurulu\u015flar\u0131 ile ortak bir amac\u0131 geli\u015ftirmek i\u00e7in patronlar olu\u015fturmak.<\/p>\n<p>9. Federasyon faaliyetleri i\u00e7in ihtiya\u00e7 duyulan ta\u015f\u0131n\u0131r, ta\u015f\u0131nmaz mal sat\u0131n almak. Satmak, kiralamak, kiraya vermek, ve ta\u015f\u0131nmazlar \u00fczerinde ayni hak tesis etmek.<\/p>\n<p>10. \u2060 Yetkili organlardan izin al\u0131narak yay\u0131nc\u0131l\u0131k, e\u011fitim ve \u00f6\u011fretim faaliyetleri i\u00e7in dershane, yurt, pansiyon, sosyal taleplerin kar\u015f\u0131lanmas\u0131 i\u00e7in \u00e7ocuk bak\u0131m yuvas\u0131, huzurevi, sosyal tesisler, lokaller, meskun mahaller d\u0131\u015f\u0131nda kamp alanlar\u0131 olu\u015fturmak.<\/p>\n<p>11. \u2060 Kad\u0131nlar\u0131m\u0131z\u0131n, gen\u00e7lerimizin bu \u00e7at\u0131 alt\u0131nda sanatla, bilimle, k\u00fclt\u00fcrle, bulu\u015fturaca\u011f\u0131m\u0131z hocalar e\u015fli\u011finde alanlar ,derslikler, projeler geli\u015ftirerek b\u00fcy\u00fctmek.<\/p>\n<p>12. E\u011fitim kurulu olu\u015fturmak. \u00dcye dernek ba\u015fkanlar\u0131n\u0131n e\u011fitim ve \u00f6\u011fretim konusundaki \u00f6neri ve taleplerinin de\u011ferlendirerek \u00f6ncelikle hangi alanlarda e\u011fitim ve \u00f6\u011fretim faaliyeti\u2019ne bunaca\u011f\u0131na karar vermek. \u0130lk, ortaokul, lise, ve \u00fcniversiteye haz\u0131rl\u0131k kurslar\u0131, folklor, enstr\u00fcman, ve sanat kurslar\u0131 d\u00fczenlemek, burs vermek, \u00fcye dernek \u00fcyelerinin ya\u015f s\u0131n\u0131rlamas\u0131 olmaks\u0131z\u0131n ya\u015fam boyu e\u011fitimine katk\u0131 sunacak e\u011fitici ve \u00f6\u011fretici faaliyetlerde bulunmak.<\/p>\n<p>13. Federasyona \u00fcye olmak.<br \/>\nFederasyon ama\u00e7 ve ilkelerine benimseyerek bu do\u011frultuda \u00e7al\u0131\u015fmay\u0131 kabul eden ve \u00f6ng\u00f6rd\u00fc\u011f\u00fc ko\u015fullar\u0131n\u0131 ta\u015f\u0131yan Erzurum ilinin h\u0131n\u0131s Tekman il\u00e7eleri mahalle dernekleri federasyonu\u2018na \u00fcye olma hakk\u0131na sahiptir.<\/p>\n","protected":false},"excerpt":{"rendered":"<p>Federasyonun Ama\u00e7lar\u0131 1. (CEDF ) Erzurum ili H\u0131n\u0131s Tekman il\u00e7eleri k\u00f6y derneklerinin federasyonu dur. 2.Federasyon \u00fcye dernekler ile y\u00f6re halk\u0131m\u0131z\u0131n unutulmaya Y\u00fcz tutan gelenek ve g\u00f6renekleri, bug\u00fcn var olan k\u00fclt\u00fcr i\u00e7inde asimile etmeden entegre ederek tan\u0131t\u0131m\u0131n\u0131 yapmak. Benimsenmesi, ya\u015fat\u0131lmas\u0131 i\u00e7in<\/p>\n","protected":false},"author":1,"featured_media":0,"parent":0,"menu_order":0,"comment_status":"closed","ping_status":"closed","template":"","meta":{"footnotes":""},"class_list":["post-370","page","type-page","status-publish","hentry"],"_links":{"self":[{"href":"https:\/\/www.cedf.com.tr\/index.php?rest_route=\/wp\/v2\/pages\/370","targetHints":{"allow":["GET"]}}],"collection":[{"href":"https:\/\/www.cedf.com.tr\/index.php?rest_route=\/wp\/v2\/pages"}],"about":[{"href":"https:\/\/www.cedf.com.tr\/index.php?rest_route=\/wp\/v2\/types\/page"}],"author":[{"embeddable":true,"href":"https:\/\/www.cedf.com.tr\/index.php?rest_route=\/wp\/v2\/users\/1"}],"replies":[{"embeddable":true,"href":"https:\/\/www.cedf.com.tr\/index.php?rest_route=%2Fwp%2Fv2%2Fcomments&post=370"}],"version-history":[{"count":1,"href":"https:\/\/www.cedf.com.tr\/index.php?rest_route=\/wp\/v2\/pages\/370\/revisions"}],"predecessor-version":[{"id":372,"href":"https:\/\/www.cedf.com.tr\/index.php?rest_route=\/wp\/v2\/pages\/370\/revisions\/372"}],"wp:attachment":[{"href":"https:\/\/www.cedf.com.tr\/index.php?rest_route=%2Fwp%2Fv2%2Fmedia&parent=370"}],"curies":[{"name":"wp","href":"https:\/\/api.w.org\/{rel}","templated":true}]}}